{"id":7547,"date":"2020-05-14T05:53:44","date_gmt":"2020-05-14T05:53:44","guid":{"rendered":"http:\/\/tiemposl.com\/?page_id=7547"},"modified":"2020-08-04T11:10:53","modified_gmt":"2020-08-04T11:10:53","slug":"derecho-inmobiliario","status":"publish","type":"page","link":"https:\/\/tiemposl.com\/es\/servicios\/derecho-inmobiliario\/","title":{"rendered":"Derecho Inmobiliario"},"content":{"rendered":"<p>[vc_row css=&#8221;.vc_custom_1589435991082{padding-top: 50px !important;padding-bottom: 50px !important;}&#8221;][vc_column][vc_row_inner][vc_column_inner][vc_column_text]A la hora de valorar un inmueble, es f\u00e1cil dejarse guiar \u00fanicamente por la realidad existente (construcci\u00f3n, emplazamiento, vistas, etc). No obstante, siendo este un aspecto esencial para su decisi\u00f3n, es <strong>importante valorar a su vez otras realidades jur\u00eddicas que afectan al inmueble<\/strong> (urban\u00edstica, registral, catastral, civil y fiscal), ya que pasar por alto estas otras realidades puede conllevar a situaciones totalmente indeseadas.<\/p>\n<p>Es por ello que, ante cualquier <strong>operaci\u00f3n inmobiliaria<\/strong> y sobre todo cuando esta se realiza en el extranjero, resulta primordial disponer previamente de un <strong>asesoramiento integral y personalizado que le transmita confianza.<\/strong>[\/vc_column_text][\/vc_column_inner][\/vc_row_inner][vc_row_inner][vc_column_inner width=&#8221;1\/2&#8243;][vc_column_text]<strong>Nuestro despacho se encarga de obtener un an\u00e1lisis integral<\/strong> de la situaci\u00f3n del objeto as\u00ed como de la <strong>evaluaci\u00f3n y preparaci\u00f3n<\/strong> de los contratos necesarios teniendo en cuenta tres grandes principios: <strong>seguridad del cliente, transparencia y eficiencia fiscal.<\/strong>[\/vc_column_text][\/vc_column_inner][vc_column_inner width=&#8221;1\/2&#8243;][vc_column_text]Por \u00faltimo, una vez cerrada la operaci\u00f3n <strong>nos encargamos de realizar todos los tr\u00e1mites y gestiones<\/strong> necesarias para proteger sus derechos, as\u00ed como cualquier otro tr\u00e1mite administrativo.[\/vc_column_text][\/vc_column_inner][\/vc_row_inner][\/vc_column][\/vc_row][vc_row css=&#8221;.vc_custom_1589435979872{padding-top: 50px !important;padding-bottom: 50px !important;}&#8221;][vc_column][vc_row_inner][vc_column_inner width=&#8221;1\/6&#8243;][\/vc_column_inner][vc_column_inner width=&#8221;2\/3&#8243;][vc_column_text]<\/p>\n<h3 style=\"text-align: center;\">Nuestro despacho ofrece los siguientes servicios para nuestros clientes:<\/h3>\n<p>[\/vc_column_text][\/vc_column_inner][vc_column_inner width=&#8221;1\/6&#8243;][\/vc_column_inner][\/vc_row_inner][vc_row_inner css=&#8221;.vc_custom_1589436076519{padding-top: 100px !important;}&#8221;][vc_column_inner width=&#8221;1\/2&#8243;][vc_column_text]<\/p>\n<ul>\n<li><strong>Asesoramiento, negociaci\u00f3n y preparaci\u00f3n<\/strong> de contratos y operaciones de derecho inmobiliario: compraventa, opci\u00f3n de compra, constituci\u00f3n de servidumbres, excesos de cabida, derechos reales de garant\u00eda, arrendamiento de inmuebles&#8230;<\/li>\n<li>Inscripci\u00f3n de sus derechos en el r<strong>egistro de la propiedad<\/strong>, a fin de hacerlos valer frente a terceros.<\/li>\n<li><strong>Cancelaci\u00f3n de cargas<\/strong> existentes en el registro de la propiedad.<\/li>\n<\/ul>\n<p>[\/vc_column_text][\/vc_column_inner][vc_column_inner width=&#8221;1\/2&#8243;][vc_column_text]<\/p>\n<ul>\n<li><strong>Tramitaci\u00f3n de licencias y documentos administrativos<\/strong> obligatorios (c\u00e9dula de habitabilidad, certificado de eficiencia energ\u00e9tica, licencias de alquiler tur\u00edstico).<\/li>\n<li>Obtenci\u00f3n de informes y dict\u00e1menes de arquitectos, top\u00f3grafos y tasadores colaboradores del despacho.<\/li>\n<li>Gesti\u00f3n de los <strong>cambios de titularidad<\/strong> en los registros administrativos y compa\u00f1\u00edas de suministro correspondientes.<\/li>\n<\/ul>\n<p>[\/vc_column_text][\/vc_column_inner][\/vc_row_inner][\/vc_column][\/vc_row]<\/p>","protected":false},"excerpt":{"rendered":"<p>[vc_row css=&#8221;.vc_custom_1589435991082{padding-top: 50px !important;padding-bottom: 50px !important;}&#8221;][vc_column][vc_row_inner][vc_column_inner][vc_column_text]A la hora de valorar un inmueble, es f\u00e1cil dejarse [&hellip;]<\/p>\n","protected":false},"author":1,"featured_media":7627,"parent":5718,"menu_order":0,"comment_status":"closed","ping_status":"closed","template":"","meta":[],"yoast_head":"<!-- This site is optimized with the Yoast SEO plugin v19.7.1 - https:\/\/yoast.com\/wordpress\/plugins\/seo\/ -->\n<title>Derecho Inmobiliario &mdash; Tiempo Servicio y Gesti\u00f3n<\/title>\n<meta name=\"description\" content=\"A la hora de valorar un inmueble, es importante conocer realizades jur\u00eddicas que afecta al inmueble y disponer previamente de un asesoramiento integral.\" \/>\n<meta name=\"robots\" content=\"index, follow, max-snippet:-1, max-image-preview:large, max-video-preview:-1\" \/>\n<link rel=\"canonical\" href=\"https:\/\/tiemposl.com\/es\/servicios\/derecho-inmobiliario\/\" \/>\n<meta property=\"og:locale\" content=\"es_ES\" \/>\n<meta property=\"og:type\" content=\"article\" \/>\n<meta property=\"og:title\" content=\"Derecho Inmobiliario &mdash; Tiempo Servicio y Gesti\u00f3n\" \/>\n<meta property=\"og:description\" content=\"A la hora de valorar un inmueble, es importante conocer realizades jur\u00eddicas que afecta al inmueble y disponer previamente de un asesoramiento integral.\" \/>\n<meta property=\"og:url\" content=\"https:\/\/tiemposl.com\/es\/servicios\/derecho-inmobiliario\/\" \/>\n<meta property=\"og:site_name\" content=\"Tiempo Servicio y Gesti\u00f3n\" \/>\n<meta property=\"article:modified_time\" content=\"2020-08-04T11:10:53+00:00\" \/>\n<meta property=\"og:image\" content=\"https:\/\/tiemposl.com\/wp-content\/uploads\/2020\/05\/asesoria-derecho-inmobiliario.jpg\" \/>\n\t<meta property=\"og:image:width\" content=\"1920\" \/>\n\t<meta property=\"og:image:height\" content=\"500\" \/>\n\t<meta property=\"og:image:type\" content=\"image\/jpeg\" \/>\n<meta name=\"twitter:card\" content=\"summary_large_image\" \/>\n<meta name=\"twitter:label1\" content=\"Tiempo de lectura\" \/>\n\t<meta name=\"twitter:data1\" content=\"9 minutos\" \/>\n<script type=\"application\/ld+json\" class=\"yoast-schema-graph\">{\"@context\":\"https:\/\/schema.org\",\"@graph\":[{\"@type\":\"WebPage\",\"@id\":\"https:\/\/tiemposl.com\/es\/servicios\/derecho-inmobiliario\/\",\"url\":\"https:\/\/tiemposl.com\/es\/servicios\/derecho-inmobiliario\/\",\"name\":\"Derecho Inmobiliario &mdash; Tiempo Servicio y Gesti\u00f3n\",\"isPartOf\":{\"@id\":\"https:\/\/tiemposl.com\/es\/#website\"},\"datePublished\":\"2020-05-14T05:53:44+00:00\",\"dateModified\":\"2020-08-04T11:10:53+00:00\",\"description\":\"A la hora de valorar un inmueble, es importante conocer realizades jur\u00eddicas que afecta al inmueble y disponer previamente de un asesoramiento integral.\",\"breadcrumb\":{\"@id\":\"https:\/\/tiemposl.com\/es\/servicios\/derecho-inmobiliario\/#breadcrumb\"},\"inLanguage\":\"es\",\"potentialAction\":[{\"@type\":\"ReadAction\",\"target\":[\"https:\/\/tiemposl.com\/es\/servicios\/derecho-inmobiliario\/\"]}]},{\"@type\":\"BreadcrumbList\",\"@id\":\"https:\/\/tiemposl.com\/es\/servicios\/derecho-inmobiliario\/#breadcrumb\",\"itemListElement\":[{\"@type\":\"ListItem\",\"position\":1,\"name\":\"Portada\",\"item\":\"https:\/\/tiemposl.com\/es\/\"},{\"@type\":\"ListItem\",\"position\":2,\"name\":\"Servicios\",\"item\":\"https:\/\/tiemposl.com\/es\/servicios\/\"},{\"@type\":\"ListItem\",\"position\":3,\"name\":\"Derecho Inmobiliario\"}]},{\"@type\":\"WebSite\",\"@id\":\"https:\/\/tiemposl.com\/es\/#website\",\"url\":\"https:\/\/tiemposl.com\/es\/\",\"name\":\"Tiempo Servicio y Gesti\u00f3n\",\"description\":\"\",\"publisher\":{\"@id\":\"https:\/\/tiemposl.com\/es\/#organization\"},\"potentialAction\":[{\"@type\":\"SearchAction\",\"target\":{\"@type\":\"EntryPoint\",\"urlTemplate\":\"https:\/\/tiemposl.com\/es\/?s={search_term_string}\"},\"query-input\":\"required name=search_term_string\"}],\"inLanguage\":\"es\"},{\"@type\":\"Organization\",\"@id\":\"https:\/\/tiemposl.com\/es\/#organization\",\"name\":\"Tiempo SL\",\"url\":\"https:\/\/tiemposl.com\/es\/\",\"sameAs\":[],\"logo\":{\"@type\":\"ImageObject\",\"inLanguage\":\"es\",\"@id\":\"https:\/\/tiemposl.com\/es\/#\/schema\/logo\/image\/\",\"url\":\"https:\/\/tiemposl.com\/wp-content\/uploads\/2020\/03\/logo-main.png\",\"contentUrl\":\"https:\/\/tiemposl.com\/wp-content\/uploads\/2020\/03\/logo-main.png\",\"width\":237,\"height\":70,\"caption\":\"Tiempo SL\"},\"image\":{\"@id\":\"https:\/\/tiemposl.com\/es\/#\/schema\/logo\/image\/\"}}]}<\/script>\n<!-- \/ Yoast SEO plugin. -->","yoast_head_json":{"title":"Derecho Inmobiliario &mdash; Tiempo Servicio y Gesti\u00f3n","description":"A la hora de valorar un inmueble, es importante conocer realizades jur\u00eddicas que afecta al inmueble y disponer previamente de un asesoramiento integral.","robots":{"index":"index","follow":"follow","max-snippet":"max-snippet:-1","max-image-preview":"max-image-preview:large","max-video-preview":"max-video-preview:-1"},"canonical":"https:\/\/tiemposl.com\/es\/servicios\/derecho-inmobiliario\/","og_locale":"es_ES","og_type":"article","og_title":"Derecho Inmobiliario &mdash; Tiempo Servicio y Gesti\u00f3n","og_description":"A la hora de valorar un inmueble, es importante conocer realizades jur\u00eddicas que afecta al inmueble y disponer previamente de un asesoramiento integral.","og_url":"https:\/\/tiemposl.com\/es\/servicios\/derecho-inmobiliario\/","og_site_name":"Tiempo Servicio y Gesti\u00f3n","article_modified_time":"2020-08-04T11:10:53+00:00","og_image":[{"width":1920,"height":500,"url":"https:\/\/tiemposl.com\/wp-content\/uploads\/2020\/05\/asesoria-derecho-inmobiliario.jpg","type":"image\/jpeg"}],"twitter_card":"summary_large_image","twitter_misc":{"Tiempo de lectura":"9 minutos"},"schema":{"@context":"https:\/\/schema.org","@graph":[{"@type":"WebPage","@id":"https:\/\/tiemposl.com\/es\/servicios\/derecho-inmobiliario\/","url":"https:\/\/tiemposl.com\/es\/servicios\/derecho-inmobiliario\/","name":"Derecho Inmobiliario &mdash; Tiempo Servicio y Gesti\u00f3n","isPartOf":{"@id":"https:\/\/tiemposl.com\/es\/#website"},"datePublished":"2020-05-14T05:53:44+00:00","dateModified":"2020-08-04T11:10:53+00:00","description":"A la hora de valorar un inmueble, es importante conocer realizades jur\u00eddicas que afecta al inmueble y disponer previamente de un asesoramiento integral.","breadcrumb":{"@id":"https:\/\/tiemposl.com\/es\/servicios\/derecho-inmobiliario\/#breadcrumb"},"inLanguage":"es","potentialAction":[{"@type":"ReadAction","target":["https:\/\/tiemposl.com\/es\/servicios\/derecho-inmobiliario\/"]}]},{"@type":"BreadcrumbList","@id":"https:\/\/tiemposl.com\/es\/servicios\/derecho-inmobiliario\/#breadcrumb","itemListElement":[{"@type":"ListItem","position":1,"name":"Portada","item":"https:\/\/tiemposl.com\/es\/"},{"@type":"ListItem","position":2,"name":"Servicios","item":"https:\/\/tiemposl.com\/es\/servicios\/"},{"@type":"ListItem","position":3,"name":"Derecho Inmobiliario"}]},{"@type":"WebSite","@id":"https:\/\/tiemposl.com\/es\/#website","url":"https:\/\/tiemposl.com\/es\/","name":"Tiempo Servicio y Gesti\u00f3n","description":"","publisher":{"@id":"https:\/\/tiemposl.com\/es\/#organization"},"potentialAction":[{"@type":"SearchAction","target":{"@type":"EntryPoint","urlTemplate":"https:\/\/tiemposl.com\/es\/?s={search_term_string}"},"query-input":"required name=search_term_string"}],"inLanguage":"es"},{"@type":"Organization","@id":"https:\/\/tiemposl.com\/es\/#organization","name":"Tiempo SL","url":"https:\/\/tiemposl.com\/es\/","sameAs":[],"logo":{"@type":"ImageObject","inLanguage":"es","@id":"https:\/\/tiemposl.com\/es\/#\/schema\/logo\/image\/","url":"https:\/\/tiemposl.com\/wp-content\/uploads\/2020\/03\/logo-main.png","contentUrl":"https:\/\/tiemposl.com\/wp-content\/uploads\/2020\/03\/logo-main.png","width":237,"height":70,"caption":"Tiempo SL"},"image":{"@id":"https:\/\/tiemposl.com\/es\/#\/schema\/logo\/image\/"}}]}},"_links":{"self":[{"href":"https:\/\/tiemposl.com\/es\/wp-json\/wp\/v2\/pages\/7547"}],"collection":[{"href":"https:\/\/tiemposl.com\/es\/wp-json\/wp\/v2\/pages"}],"about":[{"href":"https:\/\/tiemposl.com\/es\/wp-json\/wp\/v2\/types\/page"}],"author":[{"embeddable":true,"href":"https:\/\/tiemposl.com\/es\/wp-json\/wp\/v2\/users\/1"}],"replies":[{"embeddable":true,"href":"https:\/\/tiemposl.com\/es\/wp-json\/wp\/v2\/comments?post=7547"}],"version-history":[{"count":11,"href":"https:\/\/tiemposl.com\/es\/wp-json\/wp\/v2\/pages\/7547\/revisions"}],"predecessor-version":[{"id":7735,"href":"https:\/\/tiemposl.com\/es\/wp-json\/wp\/v2\/pages\/7547\/revisions\/7735"}],"up":[{"embeddable":true,"href":"https:\/\/tiemposl.com\/es\/wp-json\/wp\/v2\/pages\/5718"}],"wp:featuredmedia":[{"embeddable":true,"href":"https:\/\/tiemposl.com\/es\/wp-json\/wp\/v2\/media\/7627"}],"wp:attachment":[{"href":"https:\/\/tiemposl.com\/es\/wp-json\/wp\/v2\/media?parent=7547"}],"curies":[{"name":"wp","href":"https:\/\/api.w.org\/{rel}","templated":true}]}}

<p>[vc_row css=&#8221;.vc_custom_1589435991082{padding-top: 50px !important;padding-bottom: 50px !important;}&#8221;][vc_column][vc_row_inner][vc_column_inner][vc_column_text]A la hora de valorar un inmueble, es fácil dejarse guiar únicamente por la realidad existente (construcción, emplazamiento, vistas, etc). No obstante, siendo este un aspecto esencial para su decisión, es <strong>importante valorar a su vez otras realidades jurídicas que afectan al inmueble</strong> (urbanística, registral, catastral, civil y fiscal), ya que pasar por alto estas otras realidades puede conllevar a situaciones totalmente indeseadas.</p>
<p>Es por ello que, ante cualquier <strong>operación inmobiliaria</strong> y sobre todo cuando esta se realiza en el extranjero, resulta primordial disponer previamente de un <strong>asesoramiento integral y personalizado que le transmita confianza.</strong>[/vc_column_text][/vc_column_inner][/vc_row_inner][vc_row_inner][vc_column_inner width=&#8221;1/2&#8243;][vc_column_text]<strong>Nuestro despacho se encarga de obtener un análisis integral</strong> de la situación del objeto así como de la <strong>evaluación y preparación</strong> de los contratos necesarios teniendo en cuenta tres grandes principios: <strong>seguridad del cliente, transparencia y eficiencia fiscal.</strong>[/vc_column_text][/vc_column_inner][vc_column_inner width=&#8221;1/2&#8243;][vc_column_text]Por último, una vez cerrada la operación <strong>nos encargamos de realizar todos los trámites y gestiones</strong> necesarias para proteger sus derechos, así como cualquier otro trámite administrativo.[/vc_column_text][/vc_column_inner][/vc_row_inner][/vc_column][/vc_row][vc_row css=&#8221;.vc_custom_1589435979872{padding-top: 50px !important;padding-bottom: 50px !important;}&#8221;][vc_column][vc_row_inner][vc_column_inner width=&#8221;1/6&#8243;][/vc_column_inner][vc_column_inner width=&#8221;2/3&#8243;][vc_column_text]</p>
<h3 style="text-align: center;">Nuestro despacho ofrece los siguientes servicios para nuestros clientes:</h3>
<p>[/vc_column_text][/vc_column_inner][vc_column_inner width=&#8221;1/6&#8243;][/vc_column_inner][/vc_row_inner][vc_row_inner css=&#8221;.vc_custom_1589436076519{padding-top: 100px !important;}&#8221;][vc_column_inner width=&#8221;1/2&#8243;][vc_column_text]</p>
<ul>
<li><strong>Asesoramiento, negociación y preparación</strong> de contratos y operaciones de derecho inmobiliario: compraventa, opción de compra, constitución de servidumbres, excesos de cabida, derechos reales de garantía, arrendamiento de inmuebles&#8230;</li>
<li>Inscripción de sus derechos en el r<strong>egistro de la propiedad</strong>, a fin de hacerlos valer frente a terceros.</li>
<li><strong>Cancelación de cargas</strong> existentes en el registro de la propiedad.</li>
</ul>
<p>[/vc_column_text][/vc_column_inner][vc_column_inner width=&#8221;1/2&#8243;][vc_column_text]</p>
<ul>
<li><strong>Tramitación de licencias y documentos administrativos</strong> obligatorios (cédula de habitabilidad, certificado de eficiencia energética, licencias de alquiler turístico).</li>
<li>Obtención de informes y dictámenes de arquitectos, topógrafos y tasadores colaboradores del despacho.</li>
<li>Gestión de los <strong>cambios de titularidad</strong> en los registros administrativos y compañías de suministro correspondientes.</li>
</ul>
<p>[/vc_column_text][/vc_column_inner][/vc_row_inner][/vc_column][/vc_row]</p>

<p>[vc_row css=&#8221;.vc_custom_1589435991082{padding-top: 50px !important;padding-bottom: 50px !important;}&#8221;][vc_column][vc_row_inner][vc_column_inner][vc_column_text]A la hora de valorar un inmueble, es fácil dejarse [&hellip;]</p>

<!-- This site is optimized with the Yoast SEO plugin v19.7.1 - https://yoast.com/wordpress/plugins/seo/ -->
<title>Derecho Inmobiliario &mdash; Tiempo Servicio y Gestión</title>
<meta name="description" content="A la hora de valorar un inmueble, es importante conocer realizades jurídicas que afecta al inmueble y disponer previamente de un asesoramiento integral." />
<meta name="robots" content="index, follow, max-snippet:-1, max-image-preview:large, max-video-preview:-1" />
<link rel="canonical" href="https://tiemposl.com/es/servicios/derecho-inmobiliario/" />
<meta property="og:locale" content="es_ES" />
<meta property="og:type" content="article" />
<meta property="og:title" content="Derecho Inmobiliario &mdash; Tiempo Servicio y Gestión" />
<meta property="og:description" content="A la hora de valorar un inmueble, es importante conocer realizades jurídicas que afecta al inmueble y disponer previamente de un asesoramiento integral." />
<meta property="og:url" content="https://tiemposl.com/es/servicios/derecho-inmobiliario/" />
<meta property="og:site_name" content="Tiempo Servicio y Gestión" />
<meta property="article:modified_time" content="2020-08-04T11:10:53+00:00" />
<meta property="og:image" content="https://tiemposl.com/wp-content/uploads/2020/05/asesoria-derecho-inmobiliario.jpg" />
	<meta property="og:image:width" content="1920" />
	<meta property="og:image:height" content="500" />
	<meta property="og:image:type" content="image/jpeg" />
<meta name="twitter:card" content="summary_large_image" />
<meta name="twitter:label1" content="Tiempo de lectura" />
	<meta name="twitter:data1" content="9 minutos" />
<script type="application/ld+json" class="yoast-schema-graph">{"@context":"https://schema.org","@graph":[{"@type":"WebPage","@id":"https://tiemposl.com/es/servicios/derecho-inmobiliario/","url":"https://tiemposl.com/es/servicios/derecho-inmobiliario/","name":"Derecho Inmobiliario &mdash; Tiempo Servicio y Gestión","isPartOf":{"@id":"https://tiemposl.com/es/#website"},"datePublished":"2020-05-14T05:53:44+00:00","dateModified":"2020-08-04T11:10:53+00:00","description":"A la hora de valorar un inmueble, es importante conocer realizades jurídicas que afecta al inmueble y disponer previamente de un asesoramiento integral.","breadcrumb":{"@id":"https://tiemposl.com/es/servicios/derecho-inmobiliario/#breadcrumb"},"inLanguage":"es","potentialAction":[{"@type":"ReadAction","target":["https://tiemposl.com/es/servicios/derecho-inmobiliario/"]}]},{"@type":"BreadcrumbList","@id":"https://tiemposl.com/es/servicios/derecho-inmobiliario/#breadcrumb","itemListElement":[{"@type":"ListItem","position":1,"name":"Portada","item":"https://tiemposl.com/es/"},{"@type":"ListItem","position":2,"name":"Servicios","item":"https://tiemposl.com/es/servicios/"},{"@type":"ListItem","position":3,"name":"Derecho Inmobiliario"}]},{"@type":"WebSite","@id":"https://tiemposl.com/es/#website","url":"https://tiemposl.com/es/","name":"Tiempo Servicio y Gestión","description":"","publisher":{"@id":"https://tiemposl.com/es/#organization"},"potentialAction":[{"@type":"SearchAction","target":{"@type":"EntryPoint","urlTemplate":"https://tiemposl.com/es/?s={search_term_string}"},"query-input":"required name=search_term_string"}],"inLanguage":"es"},{"@type":"Organization","@id":"https://tiemposl.com/es/#organization","name":"Tiempo SL","url":"https://tiemposl.com/es/","sameAs":[],"logo":{"@type":"ImageObject","inLanguage":"es","@id":"https://tiemposl.com/es/#/schema/logo/image/","url":"https://tiemposl.com/wp-content/uploads/2020/03/logo-main.png","contentUrl":"https://tiemposl.com/wp-content/uploads/2020/03/logo-main.png","width":237,"height":70,"caption":"Tiempo SL"},"image":{"@id":"https://tiemposl.com/es/#/schema/logo/image/"}}]}</script>
<!-- / Yoast SEO plugin. -->

Derecho Inmobiliario &mdash; Tiempo Servicio y Gestión

A la hora de valorar un inmueble, es importante conocer realizades jurídicas que afecta al inmueble y disponer previamente de un asesoramiento integral.

Tiempo Servicio y Gestión
