{"id":7547,"date":"2020-05-14T05:53:44","date_gmt":"2020-05-14T05:53:44","guid":{"rendered":"http:\/\/tiemposl.com\/?page_id=7547"},"modified":"2020-08-04T11:10:53","modified_gmt":"2020-08-04T11:10:53","slug":"derecho-inmobiliario","status":"publish","type":"page","link":"https:\/\/tiemposl.com\/fr\/servicios\/derecho-inmobiliario\/","title":{"rendered":"Droit immobilier"},"content":{"rendered":"<p>[vc_row css=&#8221;.vc_custom_1589435991082{padding-top: 50px !important;padding-bottom: 50px !important;}&#8221;][vc_column][vc_row_inner][vc_column_inner][vc_column_text]Au moment d&#8217;\u00e9valuer une propri\u00e9t\u00e9, il est facile de se laisser emporter uniquement par la r\u00e9alit\u00e9 existante (construction, emplacement, vues, etc.). Toutefois, bien qu&#8217;il s&#8217;agisse d&#8217;un facteur essentiel pour votre d\u00e9cision, il est important d&#8217;\u00e9valuer les autres r\u00e9alit\u00e9s juridiques qui conditionnent la propri\u00e9t\u00e9 (les projets d&#8217;am\u00e9nagements urbains, le registre, la valeur cadastrale, civile et fiscale), dans la mesure o\u00f9 le fait d&#8217;ignorer ces autres r\u00e9alit\u00e9s peut engendrer des cons\u00e9quences tout \u00e0 fait regrettables.<\/p>\n<p>C&#8217;est pour cette raison qu&#8217;avant toute op\u00e9ration immobili\u00e8re et surtout lorsqu&#8217;elle est r\u00e9alis\u00e9e \u00e0 l&#8217;\u00e9tranger, il est primordial d&#8217;avoir au pr\u00e9alable un conseil complet et personnalis\u00e9 qui inspire confiance.[\/vc_column_text][\/vc_column_inner][\/vc_row_inner][vc_row_inner][vc_column_inner width=&#8221;1\/2&#8243;][vc_column_text]Notre bureau se charge donc de r\u00e9aliser une analyse compl\u00e8te de la situation de l&#8217;objet ainsi que d&#8217;\u00e9valuer et de pr\u00e9parer les contrats n\u00e9cessaires en tenant compte de trois grands principes : la s\u00e9curit\u00e9 du client, la transparence et l&#8217;efficacit\u00e9 fiscale.[\/vc_column_text][\/vc_column_inner][vc_column_inner width=&#8221;1\/2&#8243;][vc_column_text]Pour finir, une fois l&#8217;op\u00e9ration cl\u00f4tur\u00e9e, nous assurons toutes les proc\u00e9dures et d\u00e9marches n\u00e9cessaires \u00e0 la protection de vos droits, ainsi que toute autre formalit\u00e9 administrative.[\/vc_column_text][\/vc_column_inner][\/vc_row_inner][\/vc_column][\/vc_row][vc_row css=&#8221;.vc_custom_1589435979872{padding-top: 50px !important;padding-bottom: 50px !important;}&#8221;][vc_column][vc_row_inner][vc_column_inner width=&#8221;1\/6&#8243;][\/vc_column_inner][vc_column_inner width=&#8221;2\/3&#8243;][vc_column_text]<\/p>\n<h3 style=\"text-align: center;\">Notre cabinet propose \u00e0 ses clients les services suivants:<\/h3>\n<p>[\/vc_column_text][\/vc_column_inner][vc_column_inner width=&#8221;1\/6&#8243;][\/vc_column_inner][\/vc_row_inner][vc_row_inner css=&#8221;.vc_custom_1589436076519{padding-top: 100px !important;}&#8221;][vc_column_inner width=&#8221;1\/2&#8243;][vc_column_text]<\/p>\n<ul>\n<li>Conseil, n\u00e9gociation et pr\u00e9paration de contrats et d&#8217;op\u00e9rations immobili\u00e8res : achat et vente, option d&#8217;achat, cr\u00e9ation de servitudes, surcapacit\u00e9, garanties, leasing immobilier&#8230;<\/li>\n<li>Inscription de vos droits au registre foncier, afin de les exercer vis-\u00e0-vis des tiers.<\/li>\n<li>Annulation des charges existantes dans le registre foncier.<\/li>\n<\/ul>\n<p>[\/vc_column_text][\/vc_column_inner][vc_column_inner width=&#8221;1\/2&#8243;][vc_column_text]<\/p>\n<ul>\n<li>Traitement des licences et des documents administratifs obligatoires (certificat d&#8217;occupation, certificat d&#8217;efficacit\u00e9 \u00e9nerg\u00e9tique, permis de location touristique).<\/li>\n<li>Obtention de rapports et d&#8217;\u00e9valuations des architectes, des g\u00e9om\u00e8tres et des \u00e9valuateurs qui travaillent avec le cabinet.<\/li>\n<li>Gestion de tout changement de titre de propri\u00e9t\u00e9 dans les registres administratifs et les entreprises d&#8217;approvisionnement correspondants<\/li>\n<\/ul>\n<p>[\/vc_column_text][\/vc_column_inner][\/vc_row_inner][\/vc_column][\/vc_row]<\/p>","protected":false},"excerpt":{"rendered":"<p>[vc_row css=&#8221;.vc_custom_1589435991082{padding-top: 50px !important;padding-bottom: 50px !important;}&#8221;][vc_column][vc_row_inner][vc_column_inner][vc_column_text]Au moment d&#8217;\u00e9valuer une propri\u00e9t\u00e9, il est facile de se [&hellip;]<\/p>\n","protected":false},"author":1,"featured_media":7627,"parent":5718,"menu_order":0,"comment_status":"closed","ping_status":"closed","template":"","meta":[],"yoast_head":"<!-- This site is optimized with the Yoast SEO plugin v19.7.1 - https:\/\/yoast.com\/wordpress\/plugins\/seo\/ -->\n<title>Droit immobilier &mdash; Tiempo Servicio y Gesti\u00f3n<\/title>\n<meta name=\"description\" content=\"A la hora de valorar un inmueble, es importante conocer realizades jur\u00eddicas que afecta al inmueble y disponer previamente de un asesoramiento integral.\" \/>\n<meta name=\"robots\" content=\"index, follow, max-snippet:-1, max-image-preview:large, max-video-preview:-1\" \/>\n<link rel=\"canonical\" href=\"https:\/\/tiemposl.com\/es\/servicios\/derecho-inmobiliario\/\" \/>\n<meta property=\"og:locale\" content=\"fr_FR\" \/>\n<meta property=\"og:type\" content=\"article\" \/>\n<meta property=\"og:title\" content=\"Droit immobilier &mdash; Tiempo Servicio y Gesti\u00f3n\" \/>\n<meta property=\"og:description\" content=\"A la hora de valorar un inmueble, es importante conocer realizades jur\u00eddicas que afecta al inmueble y disponer previamente de un asesoramiento integral.\" \/>\n<meta property=\"og:url\" content=\"https:\/\/tiemposl.com\/es\/servicios\/derecho-inmobiliario\/\" \/>\n<meta property=\"og:site_name\" content=\"Tiempo Servicio y Gesti\u00f3n\" \/>\n<meta property=\"article:modified_time\" content=\"2020-08-04T11:10:53+00:00\" \/>\n<meta property=\"og:image\" content=\"https:\/\/tiemposl.com\/wp-content\/uploads\/2020\/05\/asesoria-derecho-inmobiliario.jpg\" \/>\n\t<meta property=\"og:image:width\" content=\"1920\" \/>\n\t<meta property=\"og:image:height\" content=\"500\" \/>\n\t<meta property=\"og:image:type\" content=\"image\/jpeg\" \/>\n<meta name=\"twitter:card\" content=\"summary_large_image\" \/>\n<meta name=\"twitter:label1\" content=\"Est. reading time\" \/>\n\t<meta name=\"twitter:data1\" content=\"9 minutes\" \/>\n<script type=\"application\/ld+json\" class=\"yoast-schema-graph\">{\"@context\":\"https:\/\/schema.org\",\"@graph\":[{\"@type\":\"WebPage\",\"@id\":\"https:\/\/tiemposl.com\/es\/servicios\/derecho-inmobiliario\/\",\"url\":\"https:\/\/tiemposl.com\/es\/servicios\/derecho-inmobiliario\/\",\"name\":\"Droit immobilier &mdash; Tiempo Servicio y Gesti\u00f3n\",\"isPartOf\":{\"@id\":\"https:\/\/tiemposl.com\/es\/#website\"},\"datePublished\":\"2020-05-14T05:53:44+00:00\",\"dateModified\":\"2020-08-04T11:10:53+00:00\",\"description\":\"A la hora de valorar un inmueble, es importante conocer realizades jur\u00eddicas que afecta al inmueble y disponer previamente de un asesoramiento integral.\",\"breadcrumb\":{\"@id\":\"https:\/\/tiemposl.com\/es\/servicios\/derecho-inmobiliario\/#breadcrumb\"},\"inLanguage\":\"fr-FR\",\"potentialAction\":[{\"@type\":\"ReadAction\",\"target\":[\"https:\/\/tiemposl.com\/es\/servicios\/derecho-inmobiliario\/\"]}]},{\"@type\":\"BreadcrumbList\",\"@id\":\"https:\/\/tiemposl.com\/es\/servicios\/derecho-inmobiliario\/#breadcrumb\",\"itemListElement\":[{\"@type\":\"ListItem\",\"position\":1,\"name\":\"Portada\",\"item\":\"https:\/\/tiemposl.com\/es\/\"},{\"@type\":\"ListItem\",\"position\":2,\"name\":\"Servicios\",\"item\":\"https:\/\/tiemposl.com\/es\/servicios\/\"},{\"@type\":\"ListItem\",\"position\":3,\"name\":\"Derecho Inmobiliario\"}]},{\"@type\":\"WebSite\",\"@id\":\"https:\/\/tiemposl.com\/es\/#website\",\"url\":\"https:\/\/tiemposl.com\/es\/\",\"name\":\"Tiempo Servicio y Gesti\u00f3n\",\"description\":\"\",\"publisher\":{\"@id\":\"https:\/\/tiemposl.com\/es\/#organization\"},\"potentialAction\":[{\"@type\":\"SearchAction\",\"target\":{\"@type\":\"EntryPoint\",\"urlTemplate\":\"https:\/\/tiemposl.com\/es\/?s={search_term_string}\"},\"query-input\":\"required name=search_term_string\"}],\"inLanguage\":\"fr-FR\"},{\"@type\":\"Organization\",\"@id\":\"https:\/\/tiemposl.com\/es\/#organization\",\"name\":\"Tiempo SL\",\"url\":\"https:\/\/tiemposl.com\/es\/\",\"sameAs\":[],\"logo\":{\"@type\":\"ImageObject\",\"inLanguage\":\"fr-FR\",\"@id\":\"https:\/\/tiemposl.com\/es\/#\/schema\/logo\/image\/\",\"url\":\"https:\/\/tiemposl.com\/wp-content\/uploads\/2020\/03\/logo-main.png\",\"contentUrl\":\"https:\/\/tiemposl.com\/wp-content\/uploads\/2020\/03\/logo-main.png\",\"width\":237,\"height\":70,\"caption\":\"Tiempo SL\"},\"image\":{\"@id\":\"https:\/\/tiemposl.com\/es\/#\/schema\/logo\/image\/\"}}]}<\/script>\n<!-- \/ Yoast SEO plugin. -->","yoast_head_json":{"title":"Droit immobilier &mdash; Tiempo Servicio y Gesti\u00f3n","description":"A la hora de valorar un inmueble, es importante conocer realizades jur\u00eddicas que afecta al inmueble y disponer previamente de un asesoramiento integral.","robots":{"index":"index","follow":"follow","max-snippet":"max-snippet:-1","max-image-preview":"max-image-preview:large","max-video-preview":"max-video-preview:-1"},"canonical":"https:\/\/tiemposl.com\/es\/servicios\/derecho-inmobiliario\/","og_locale":"fr_FR","og_type":"article","og_title":"Droit immobilier &mdash; Tiempo Servicio y Gesti\u00f3n","og_description":"A la hora de valorar un inmueble, es importante conocer realizades jur\u00eddicas que afecta al inmueble y disponer previamente de un asesoramiento integral.","og_url":"https:\/\/tiemposl.com\/es\/servicios\/derecho-inmobiliario\/","og_site_name":"Tiempo Servicio y Gesti\u00f3n","article_modified_time":"2020-08-04T11:10:53+00:00","og_image":[{"width":1920,"height":500,"url":"https:\/\/tiemposl.com\/wp-content\/uploads\/2020\/05\/asesoria-derecho-inmobiliario.jpg","type":"image\/jpeg"}],"twitter_card":"summary_large_image","twitter_misc":{"Est. reading time":"9 minutes"},"schema":{"@context":"https:\/\/schema.org","@graph":[{"@type":"WebPage","@id":"https:\/\/tiemposl.com\/es\/servicios\/derecho-inmobiliario\/","url":"https:\/\/tiemposl.com\/es\/servicios\/derecho-inmobiliario\/","name":"Droit immobilier &mdash; Tiempo Servicio y Gesti\u00f3n","isPartOf":{"@id":"https:\/\/tiemposl.com\/es\/#website"},"datePublished":"2020-05-14T05:53:44+00:00","dateModified":"2020-08-04T11:10:53+00:00","description":"A la hora de valorar un inmueble, es importante conocer realizades jur\u00eddicas que afecta al inmueble y disponer previamente de un asesoramiento integral.","breadcrumb":{"@id":"https:\/\/tiemposl.com\/es\/servicios\/derecho-inmobiliario\/#breadcrumb"},"inLanguage":"fr-FR","potentialAction":[{"@type":"ReadAction","target":["https:\/\/tiemposl.com\/es\/servicios\/derecho-inmobiliario\/"]}]},{"@type":"BreadcrumbList","@id":"https:\/\/tiemposl.com\/es\/servicios\/derecho-inmobiliario\/#breadcrumb","itemListElement":[{"@type":"ListItem","position":1,"name":"Portada","item":"https:\/\/tiemposl.com\/es\/"},{"@type":"ListItem","position":2,"name":"Servicios","item":"https:\/\/tiemposl.com\/es\/servicios\/"},{"@type":"ListItem","position":3,"name":"Derecho Inmobiliario"}]},{"@type":"WebSite","@id":"https:\/\/tiemposl.com\/es\/#website","url":"https:\/\/tiemposl.com\/es\/","name":"Tiempo Servicio y Gesti\u00f3n","description":"","publisher":{"@id":"https:\/\/tiemposl.com\/es\/#organization"},"potentialAction":[{"@type":"SearchAction","target":{"@type":"EntryPoint","urlTemplate":"https:\/\/tiemposl.com\/es\/?s={search_term_string}"},"query-input":"required name=search_term_string"}],"inLanguage":"fr-FR"},{"@type":"Organization","@id":"https:\/\/tiemposl.com\/es\/#organization","name":"Tiempo SL","url":"https:\/\/tiemposl.com\/es\/","sameAs":[],"logo":{"@type":"ImageObject","inLanguage":"fr-FR","@id":"https:\/\/tiemposl.com\/es\/#\/schema\/logo\/image\/","url":"https:\/\/tiemposl.com\/wp-content\/uploads\/2020\/03\/logo-main.png","contentUrl":"https:\/\/tiemposl.com\/wp-content\/uploads\/2020\/03\/logo-main.png","width":237,"height":70,"caption":"Tiempo SL"},"image":{"@id":"https:\/\/tiemposl.com\/es\/#\/schema\/logo\/image\/"}}]}},"_links":{"self":[{"href":"https:\/\/tiemposl.com\/fr\/wp-json\/wp\/v2\/pages\/7547"}],"collection":[{"href":"https:\/\/tiemposl.com\/fr\/wp-json\/wp\/v2\/pages"}],"about":[{"href":"https:\/\/tiemposl.com\/fr\/wp-json\/wp\/v2\/types\/page"}],"author":[{"embeddable":true,"href":"https:\/\/tiemposl.com\/fr\/wp-json\/wp\/v2\/users\/1"}],"replies":[{"embeddable":true,"href":"https:\/\/tiemposl.com\/fr\/wp-json\/wp\/v2\/comments?post=7547"}],"version-history":[{"count":11,"href":"https:\/\/tiemposl.com\/fr\/wp-json\/wp\/v2\/pages\/7547\/revisions"}],"predecessor-version":[{"id":7735,"href":"https:\/\/tiemposl.com\/fr\/wp-json\/wp\/v2\/pages\/7547\/revisions\/7735"}],"up":[{"embeddable":true,"href":"https:\/\/tiemposl.com\/fr\/wp-json\/wp\/v2\/pages\/5718"}],"wp:featuredmedia":[{"embeddable":true,"href":"https:\/\/tiemposl.com\/fr\/wp-json\/wp\/v2\/media\/7627"}],"wp:attachment":[{"href":"https:\/\/tiemposl.com\/fr\/wp-json\/wp\/v2\/media?parent=7547"}],"curies":[{"name":"wp","href":"https:\/\/api.w.org\/{rel}","templated":true}]}}

<p>[vc_row css=&#8221;.vc_custom_1589435991082{padding-top: 50px !important;padding-bottom: 50px !important;}&#8221;][vc_column][vc_row_inner][vc_column_inner][vc_column_text]Au moment d&#8217;évaluer une propriété, il est facile de se laisser emporter uniquement par la réalité existante (construction, emplacement, vues, etc.). Toutefois, bien qu&#8217;il s&#8217;agisse d&#8217;un facteur essentiel pour votre décision, il est important d&#8217;évaluer les autres réalités juridiques qui conditionnent la propriété (les projets d&#8217;aménagements urbains, le registre, la valeur cadastrale, civile et fiscale), dans la mesure où le fait d&#8217;ignorer ces autres réalités peut engendrer des conséquences tout à fait regrettables.</p>
<p>C&#8217;est pour cette raison qu&#8217;avant toute opération immobilière et surtout lorsqu&#8217;elle est réalisée à l&#8217;étranger, il est primordial d&#8217;avoir au préalable un conseil complet et personnalisé qui inspire confiance.[/vc_column_text][/vc_column_inner][/vc_row_inner][vc_row_inner][vc_column_inner width=&#8221;1/2&#8243;][vc_column_text]Notre bureau se charge donc de réaliser une analyse complète de la situation de l&#8217;objet ainsi que d&#8217;évaluer et de préparer les contrats nécessaires en tenant compte de trois grands principes : la sécurité du client, la transparence et l&#8217;efficacité fiscale.[/vc_column_text][/vc_column_inner][vc_column_inner width=&#8221;1/2&#8243;][vc_column_text]Pour finir, une fois l&#8217;opération clôturée, nous assurons toutes les procédures et démarches nécessaires à la protection de vos droits, ainsi que toute autre formalité administrative.[/vc_column_text][/vc_column_inner][/vc_row_inner][/vc_column][/vc_row][vc_row css=&#8221;.vc_custom_1589435979872{padding-top: 50px !important;padding-bottom: 50px !important;}&#8221;][vc_column][vc_row_inner][vc_column_inner width=&#8221;1/6&#8243;][/vc_column_inner][vc_column_inner width=&#8221;2/3&#8243;][vc_column_text]</p>
<h3 style="text-align: center;">Notre cabinet propose à ses clients les services suivants:</h3>
<p>[/vc_column_text][/vc_column_inner][vc_column_inner width=&#8221;1/6&#8243;][/vc_column_inner][/vc_row_inner][vc_row_inner css=&#8221;.vc_custom_1589436076519{padding-top: 100px !important;}&#8221;][vc_column_inner width=&#8221;1/2&#8243;][vc_column_text]</p>
<ul>
<li>Conseil, négociation et préparation de contrats et d&#8217;opérations immobilières : achat et vente, option d&#8217;achat, création de servitudes, surcapacité, garanties, leasing immobilier&#8230;</li>
<li>Inscription de vos droits au registre foncier, afin de les exercer vis-à-vis des tiers.</li>
<li>Annulation des charges existantes dans le registre foncier.</li>
</ul>
<p>[/vc_column_text][/vc_column_inner][vc_column_inner width=&#8221;1/2&#8243;][vc_column_text]</p>
<ul>
<li>Traitement des licences et des documents administratifs obligatoires (certificat d&#8217;occupation, certificat d&#8217;efficacité énergétique, permis de location touristique).</li>
<li>Obtention de rapports et d&#8217;évaluations des architectes, des géomètres et des évaluateurs qui travaillent avec le cabinet.</li>
<li>Gestion de tout changement de titre de propriété dans les registres administratifs et les entreprises d&#8217;approvisionnement correspondants</li>
</ul>
<p>[/vc_column_text][/vc_column_inner][/vc_row_inner][/vc_column][/vc_row]</p>

<p>[vc_row css=&#8221;.vc_custom_1589435991082{padding-top: 50px !important;padding-bottom: 50px !important;}&#8221;][vc_column][vc_row_inner][vc_column_inner][vc_column_text]Au moment d&#8217;évaluer une propriété, il est facile de se [&hellip;]</p>

<!-- This site is optimized with the Yoast SEO plugin v19.7.1 - https://yoast.com/wordpress/plugins/seo/ -->
<title>Droit immobilier &mdash; Tiempo Servicio y Gestión</title>
<meta name="description" content="A la hora de valorar un inmueble, es importante conocer realizades jurídicas que afecta al inmueble y disponer previamente de un asesoramiento integral." />
<meta name="robots" content="index, follow, max-snippet:-1, max-image-preview:large, max-video-preview:-1" />
<link rel="canonical" href="https://tiemposl.com/es/servicios/derecho-inmobiliario/" />
<meta property="og:locale" content="fr_FR" />
<meta property="og:type" content="article" />
<meta property="og:title" content="Droit immobilier &mdash; Tiempo Servicio y Gestión" />
<meta property="og:description" content="A la hora de valorar un inmueble, es importante conocer realizades jurídicas que afecta al inmueble y disponer previamente de un asesoramiento integral." />
<meta property="og:url" content="https://tiemposl.com/es/servicios/derecho-inmobiliario/" />
<meta property="og:site_name" content="Tiempo Servicio y Gestión" />
<meta property="article:modified_time" content="2020-08-04T11:10:53+00:00" />
<meta property="og:image" content="https://tiemposl.com/wp-content/uploads/2020/05/asesoria-derecho-inmobiliario.jpg" />
	<meta property="og:image:width" content="1920" />
	<meta property="og:image:height" content="500" />
	<meta property="og:image:type" content="image/jpeg" />
<meta name="twitter:card" content="summary_large_image" />
<meta name="twitter:label1" content="Est. reading time" />
	<meta name="twitter:data1" content="9 minutes" />
<script type="application/ld+json" class="yoast-schema-graph">{"@context":"https://schema.org","@graph":[{"@type":"WebPage","@id":"https://tiemposl.com/es/servicios/derecho-inmobiliario/","url":"https://tiemposl.com/es/servicios/derecho-inmobiliario/","name":"Droit immobilier &mdash; Tiempo Servicio y Gestión","isPartOf":{"@id":"https://tiemposl.com/es/#website"},"datePublished":"2020-05-14T05:53:44+00:00","dateModified":"2020-08-04T11:10:53+00:00","description":"A la hora de valorar un inmueble, es importante conocer realizades jurídicas que afecta al inmueble y disponer previamente de un asesoramiento integral.","breadcrumb":{"@id":"https://tiemposl.com/es/servicios/derecho-inmobiliario/#breadcrumb"},"inLanguage":"fr-FR","potentialAction":[{"@type":"ReadAction","target":["https://tiemposl.com/es/servicios/derecho-inmobiliario/"]}]},{"@type":"BreadcrumbList","@id":"https://tiemposl.com/es/servicios/derecho-inmobiliario/#breadcrumb","itemListElement":[{"@type":"ListItem","position":1,"name":"Portada","item":"https://tiemposl.com/es/"},{"@type":"ListItem","position":2,"name":"Servicios","item":"https://tiemposl.com/es/servicios/"},{"@type":"ListItem","position":3,"name":"Derecho Inmobiliario"}]},{"@type":"WebSite","@id":"https://tiemposl.com/es/#website","url":"https://tiemposl.com/es/","name":"Tiempo Servicio y Gestión","description":"","publisher":{"@id":"https://tiemposl.com/es/#organization"},"potentialAction":[{"@type":"SearchAction","target":{"@type":"EntryPoint","urlTemplate":"https://tiemposl.com/es/?s={search_term_string}"},"query-input":"required name=search_term_string"}],"inLanguage":"fr-FR"},{"@type":"Organization","@id":"https://tiemposl.com/es/#organization","name":"Tiempo SL","url":"https://tiemposl.com/es/","sameAs":[],"logo":{"@type":"ImageObject","inLanguage":"fr-FR","@id":"https://tiemposl.com/es/#/schema/logo/image/","url":"https://tiemposl.com/wp-content/uploads/2020/03/logo-main.png","contentUrl":"https://tiemposl.com/wp-content/uploads/2020/03/logo-main.png","width":237,"height":70,"caption":"Tiempo SL"},"image":{"@id":"https://tiemposl.com/es/#/schema/logo/image/"}}]}</script>
<!-- / Yoast SEO plugin. -->

Droit immobilier &mdash; Tiempo Servicio y Gestión

A la hora de valorar un inmueble, es importante conocer realizades jurídicas que afecta al inmueble y disponer previamente de un asesoramiento integral.

Tiempo Servicio y Gestión
